pose p = 18*y + 14*y. What is the tens digit of y?
1
Suppose -6*l - 5*l - 6*l = -121244. What is the units digit of l?
2
Let x = -152 + 150. Let q(l) = 34*l**2 - 3*l - 10. What is the units digit of q(x)?
2
Let q(s) be the second derivative of -5*s**3/6 - 3*s**2/2 - 6*s. Suppose -k - 5*a - 11 = -27, 2*k - 5*a = -43. What is the units digit of q(k)?
2
Suppose -3*b = 46 + 299. Let l = 179 + b. What is the tens digit of l?
6
Suppose 3*n = -60347 - 78805. What is the tens digit of (n/10)/(-8) - 4/5?
7
Let q be ((-2)/(-2))/(5/175). Let t = q - 30. Suppose -5*f = -3*z + 182, t*z + 3*f + f - 254 = 0. What is the units digit of z?
4
Suppose 3*u - 1 = 2, -4*s + 131 = -u. Suppose 26503 = s*o + 5218. What is the units digit of o?
5
Let h be 20/14 + (-36)/(-63). Suppose 2*a + 15 = d, -a = -h*d + d + 15. Suppose d*b - 99 = 14*b. What is the units digit of b?
9
What is the ten thousands digit of (65248/(-128))/((-2)/64)?
1
Let q(o) = o**3 - 2*o**2 + 91. Suppose -2*z = 6 - 20. Suppose z*c = -0 - 0. What is the units digit of q(c)?
1
Let m = 15474 - 8099. Suppose 0 = 12*d - m + 1051. What is the hundreds digit of d?
5
Suppose -49*s + 440 = -159*s. Suppose -2*h = -3 + 9. What is the tens digit of ((-6)/s)/(660/(-224) - h)?
2
Let i = -39175 - -55016. What is the tens digit of i?
4
Let l(w) = -2*w + 100. Let z be l(37). Suppose -12*q + z*q = 3458. What is the tens digit of q?
4
Let y(q) = -119*q + 14. Let h(v) = -4*v. Let p(d) = -6*h(d) + y(d). What is the hundreds digit of p(-8)?
7
Suppose -9*l + 3935 = -7396. Let b = 1993 - l. What is the tens digit of b?
3
Suppose -3*s = -5*w + 120, 5*w + 2*s - 120 = -s. Let j(k) = 25*k - 65. What is the units digit of j(w)?
5
Suppose -7771 = 10*b - 66051. What is the hundreds digit of b?
8
Let o be 519/(-1 - (-20)/8). Suppose -53 = -7*u + o. Suppose 72 = -u*d + 58*d. What is the tens digit of d?
7
Let i(c) = -1279*c**3 + 8*c**2 + 17*c - 10. What is the hundreds digit of i(-2)?
2
Suppose 50917 = 59*r - 109928 + 44615. What is the hundreds digit of r?
9
Let p = 95412 + -60782. What is the tens digit of p?
3
Let s(l) = -524*l + 26. Let r(b) = -175*b + 8. Let i(v) = -17*r(v) + 6*s(v). What is the units digit of i(-6)?
4
Suppose 26296 - 58383 = -90*o + 246193. What is the hundreds digit of o?
0
Let g = 25765 - 13119. What is the thousands digit of g?
2
Suppose k - 2 = -0*k. Suppose 14*o - 13*o - 252 = -k*j, 4*j = 5*o - 1316. What is the hundreds digit of o?
2
Suppose 25162 + 110010 = 12*o - 155540. What is the units digit of o?
6
Suppose 0 = -3*p + 2*p + 10. Let b(y) = -17*y - 12. Let t(w) = w - 1. Let f(i) = -b(i) - 3*t(i). What is the tens digit of f(p)?
5
Suppose -5*b - f = -2*f + 167, 0 = -5*b - 4*f - 157. Let i = b - -62. What is the units digit of i?
9
Let v(m) = -m**3 - 16*m**2 - 28*m + 2. Let o be v(-14). Let s(r) = -28*r**2 + 6*r - 6 - 27*r**o + 58*r**2 - 3*r. What is the tens digit of s(3)?
3
Let b = -33 - -16. Let m = -13 - b. Suppose 3*x = m*d - 120 - 52, -5*x = -5*d + 215. What is the units digit of d?
3
Let w(b) = 2*b**2 + 3*b - 1. Let l be w(1). Suppose -l*h + 2625 = 3*q, 5*h + q = 3*q + 3287. What is the hundreds digit of h?
6
Suppose 2*k + 163 = k. Let b = -2063 - -1809. Let s = k - b. What is the tens digit of s?
9
Let n = 1984 - -2693. What is the hundreds digit of n?
6
Let b = 5670 - -5859. What is the tens digit of b?
2
Let w = 13837 - 8033. What is the units digit of w?
4
Suppose 4*u = 14*a - 1235558, -18*a + 13*a + 441281 = 2*u. What is the ten thousands digit of a?
8
Let j(v) = -5048*v - 2273. What is the tens digit of j(-6)?
1
Let z = 13115 + -12512. What is the units digit of z?
3
Suppose 3*l - 607 = -m, -5*l + 613 = -8*m + 9*m. Let a = m + -60. What is the hundreds digit of a?
5
Let n(w) = -2*w**2 + 4*w - 1. Let m be n(2). Let r be (-228)/(-12)*1*m. Let h = 27 + r. What is the units digit of h?
8
Suppose -4631 = -2*y - 2*c + 6919, y - 4*c = 5810. What is the units digit of y?
2
Let j(l) = -l**3 - 9*l**2 + 22*l + 10357. What is the units digit of j(0)?
7
Let m(k) = -2*k**3 - 5*k**2 + k + 1. Let l be (-45)/6*(-8)/3. Suppose -3*h + l = -8*h. What is the units digit of m(h)?
5
Suppose -5*k = -z - 0*k + 68, 58 = z - 3*k. Suppose -z*o - 238 = -44*o. What is the tens digit of o?
3
Suppose v + 0*v = 370. Suppose -6*g - v = 2780. Let n = 795 + g. What is the units digit of n?
0
Let u be (446 - -1) + -1 + -2. Suppose s - u = -3*s. Suppose s = -f + 2*f. What is the tens digit of f?
1
Let u = 16 - 6. Let h(f) = -2*f**2 + f - 1. Let o(b) = 7*b**2 - 16*b - 5. Let l(q) = -3*h(q) - o(q). What is the units digit of l(u)?
8
What is the tens digit of (-9)/3 - 92456/(-26)?
5
What is the tens digit of 83232/64*3*(-92)/(-18)?
4
Let q be -4 + (-1)/(-1) + 5. Suppose 0 = -5*f + i + 909, f - 2*i - 197 = q*i. What is the units digit of f?
1
Suppose -651*a = -658*a + 43029. What is the thousands digit of a?
6
What is the thousands digit of (552/(-72))/(0 + (-1)/(-17))*-114?
4
Suppose k - 22588 = -10*b, 5*k = -3*b + 8*b + 112885. What is the ten thousands digit of k?
2
What is the tens digit of -6240*(-9)/9 + -6?
3
Let w = 11674 - -20201. What is the hundreds digit of w?
8
Let a(s) = 3*s**2 + 16. Let o be a(-5). Suppose 0 = -3*n - 264 + 933. Let v = n - o. What is the units digit of v?
2
Let l be -64 - (3 - -1)/4. Let o = 68 + l. Suppose -584 = -o*n + i - 72, -n + 174 = -i. What is the tens digit of n?
6
Suppose -40*i + 211653 = -351907. What is the tens digit of i?
8
Let i(o) = -15 - 4 + 3*o + 6. Let z be i(9). Suppose 2854 - 754 = z*u. What is the hundreds digit of u?
1
Let v = 3506 - 6184. Let m = -1654 - v. What is the thousands digit of m?
1
Let u(o) = -222*o - 416. What is the tens digit of u(-8)?
6
Suppose 67 = 5*t - 3. Let x = -21 + t. What is the tens digit of (-270)/(-40)*(1 - x)?
5
Suppose -v - 155 = 3*u, 5*u + 144 + 309 = -3*v. Let t be (-7 + 3 - v)*(1 + 0). Suppose 2*b - 132 = 4*s, -s + t = 2*b - 0*s. What is the units digit of b?
0
Suppose 4*j - 12749 = -4*l - 4029, 0 = 4*l - 16. What is the tens digit of j?
7
Let f(z) = 3*z**3 + 88*z**2 + 28*z + 35. What is the hundreds digit of f(-28)?
3
Let q(j) = 2*j**3 - 687 + 674 - 16*j - 6*j**2 - j**3. What is the tens digit of q(9)?
8
Let o = 237 - 239. What is the tens digit of (o + -316)*140/(-168)?
6
Let s be 4/6*53/(848/192). Let n be (-5502)/(-9) + 4/6. Suppose 316 + n = s*b. What is the units digit of b?
6
Suppose 6974 = 20*l - 4546. Suppose -l = -7*x - x. What is the units digit of x?
2
Suppose 4 = -0*x - x + 2*f, 0 = 2*x - 2*f. Suppose 3*d = x*d + 3. Let c(r) = 8*r**2 + 6*r - 2. What is the tens digit of c(d)?
5
Let a be ((-2)/(-4)*4 - -1) + 75. Let s be 1/(9/a)*18. Let i = -74 + s. What is the units digit of i?
2
Suppose h + 3*h = -2*c + 3460, 4*c = 4*h + 6944. What is the units digit of c?
4
Let f be (-2)/13 + 162/39. Suppose f*p + 3*p = -126. What is the units digit of (3 - 90/4)/3*p?
7
Suppose 10*o - 7470 = -8*o. Let h = o + -158. What is the tens digit of h?
5
Let m(a) = -1. Let u(w) = 23*w + 17. Let f(c) = 6*m(c) + u(c). What is the hundreds digit of f(7)?
1
What is the thousands digit of (-66 - -51)*(-5802)/9?
9
Let z = -75 + 27. Let l = -58 - z. What is the units digit of l/((-4)/(-6)*(-12)/8)?
0
Let c(i) = 135*i**3 - 41*i**2 + 82*i - 22. What is the units digit of c(8)?
0
Let f be 5 - (2 + (-52 - (-25)/(-5))). What is the units digit of (-20*(-8)/f)/(6/747)?
2
Let m = -7009 + 11993. What is the tens digit of m?
8
Suppose 2*z + c + 43 = 0, c - 15 = 6*c. Let j be 2 + (z/15)/((-2)/690). Suppose 10*b = 3*b + j. What is the units digit of b?
6
Suppose 0 = -6*c + 142 + 2. What is the tens digit of (-9)/(-36) - (-2826)/c?
1
Suppose 0 = 3*o - 2*o - 7. Let k(p) = 14*p + o*p - 30*p - 8. What is the tens digit of k(-2)?
1
Let a be ((-25)/15 - 0)*-3. Suppose 18821 = -a*q + 34*q. What is the units digit of q?
9
Let w(j) = 1615*j - 2038. What is the hundreds digit of w(34)?
8
Let a = 281 - 14. Let n be (46 + 0)*-4 + 3. Let b = n + a. What is the tens digit of b?
8
Let w(d) = -11*d**2 + 113*d - 45. Let q be w(8). Suppose 3*t + 2*t = -530. Let z = q + t. What is the tens digit of z?
4
Let p be ((-8289)/(-18))/((-9)/(-30)). Let f = -1078 + p. What is the tens digit of f?
5
Let m be (-66)/(-14) - (-4)/14. Suppose 10*t - m*t - 40 = 0. Let b = t - -5. What is the tens digit 